{"id":4549,"date":"2024-01-04T13:22:48","date_gmt":"2024-01-04T12:22:48","guid":{"rendered":"https:\/\/eshop.twa.cz\/eshop\/?post_type=product&#038;p=4549"},"modified":"2024-02-15T23:14:36","modified_gmt":"2024-02-15T22:14:36","slug":"pozicni-box-prepazka","status":"publish","type":"product","link":"https:\/\/eshop.twa.cz\/eshop\/produkt\/pozicni-box-prepazka\/","title":{"rendered":"Pozi\u010dn\u00ed box s odn\u00edmatelnou p\u0159ep\u00e1\u017ekou"},"content":{"rendered":"<p>Pozi\u010dn\u00ed box je nepostradateln\u00e1 pom\u016fcka pro tr\u00e9nink ps\u016f. Velmi efektivn\u00ed n\u00e1stroj pro vysv\u011btlen\u00ed jak\u00e9hokoliv chov\u00e1n\u00ed.Vyr\u00e1b\u00edme na zak\u00e1zku dle velikosti psa. Na\u0161e boxy jsou vyrobeny z n\u00e1mo\u0159n\u00ed p\u0159ekli\u017eky, jsou vod\u011bodoln\u00e9, bez\u00fadr\u017ebov\u00e9 a s velmi dlouhou \u017eivotnost\u00ed. Tento box vyr\u00e1b\u00edme i s odn\u00edmatelnou \u010deln\u00ed stranou a lze ho bez probl\u00e9m\u016f vyu\u017e\u00edt jako pr\u016fb\u011bhov\u00fd box.<\/p>\n<p>Pozi\u010dn\u00ed box vyr\u00e1b\u00edme z lodn\u00ed p\u0159ekli\u017eky, je vod\u011blodoln\u00fd a bez\u00fadr\u017ebov\u00fd.<\/p>\n<h3><strong>Pou\u017e\u00edt\u00ed:<\/strong><\/h3>\n<ul>\n<li>shaping<\/li>\n<li>pozice SLV (sedni, lehni, vsta\u0148)<\/li>\n<li>p\u0159i\u0159azen\u00ed k noze<\/li>\n<li>povel \u201eke mn\u011b\u201c s p\u0159edsednut\u00edm p\u0159ed psovoda<\/li>\n<li>aport s p\u0159edsednut\u00edm p\u0159ed psovoda<\/li>\n<li>pozice na vzd\u00e1lenost<\/li>\n<li>pozice v nejr\u016fzn\u011bj\u0161\u00edch \u00fahlech (\u010delem k psovodovi, vedle psovoda apod)<\/li>\n<li>douhodob\u00e9 odlo\u017een\u00ed<\/li>\n<\/ul>\n<p>\u2026 a mnoho dal\u0161\u00edch dovednost\u00ed, cvik\u016f a chov\u00e1n\u00ed, z\u00e1le\u017e\u00ed na kreativit\u011b tren\u00e9ra&#8230;..<\/p>\n","protected":false},"excerpt":{"rendered":"<p>Pozi\u010dn\u00ed box je nepostradateln\u00e1 pom\u016fcka pro tr\u00e9nink ps\u016f. Velmi efektivn\u00ed n\u00e1stroj pro vysv\u011btlen\u00ed jak\u00e9hokoliv chov\u00e1n\u00ed.Vyr\u00e1b\u00edme na zak\u00e1zku dle velikosti psa. Na\u0161e boxy jsou vyrobeny z n\u00e1mo\u0159n\u00ed p\u0159ekli\u017eky, jsou vod\u011bodoln\u00e9, bez\u00fadr\u017ebov\u00e9 a s velmi dlouhou \u017eivotnost\u00ed. Tento box vyr\u00e1b\u00edme i s odn\u00edmatelnou \u010deln\u00ed stranou a lze ho bez probl\u00e9m\u016f vyu\u017e\u00edt jako pr\u016fb\u011bhov\u00fd box. Pozi\u010dn\u00ed box vyr\u00e1b\u00edme &hellip;<\/p>\n<p class=\"read-more\"> <a class=\"\" href=\"https:\/\/eshop.twa.cz\/eshop\/produkt\/pozicni-box-prepazka\/\"> <span class=\"screen-reader-text\">Pozi\u010dn\u00ed box s odn\u00edmatelnou p\u0159ep\u00e1\u017ekou<\/span> Pokra\u010dovat ve \u010dten\u00ed &raquo;<\/a><\/p>\n","protected":false},"featured_media":4550,"template":"","meta":{"site-sidebar-layout":"default","site-content-layout":"","ast-site-content-layout":"default","site-content-style":"default","site-sidebar-style":"default","ast-global-header-display":"","ast-banner-title-visibility":"","ast-main-header-display":"","ast-hfb-above-header-display":"","ast-hfb-below-header-display":"","ast-hfb-mobile-header-display":"","site-post-title":"","ast-breadcrumbs-content":"","ast-featured-img":"","footer-sml-layout":"","theme-transparent-header-meta":"default","adv-header-id-meta":"","stick-header-meta":"","header-above-stick-meta":"","header-main-stick-meta":"","header-below-stick-meta":"","astra-migrate-meta-layouts":"set","ast-page-background-enabled":"default","ast-page-background-meta":{"desktop":{"background-color":"","background-image":"","background-repeat":"repeat","background-position":"center center","background-size":"auto","background-attachment":"scroll","background-type":"","background-media":"","overlay-type":"","overlay-color":"","overlay-gradient":""},"tablet":{"background-color":"","background-image":"","background-repeat":"repeat","background-position":"center center","background-size":"auto","background-attachment":"scroll","background-type":"","background-media":"","overlay-type":"","overlay-color":"","overlay-gradient":""},"mobile":{"background-color":"","background-image":"","background-repeat":"repeat","background-position":"center center","background-size":"auto","background-attachment":"scroll","background-type":"","background-media":"","overlay-type":"","overlay-color":"","overlay-gradient":""}},"ast-content-background-meta":{"desktop":{"background-color":"var(--ast-global-color-5)","background-image":"","background-repeat":"repeat","background-position":"center center","background-size":"auto","background-attachment":"scroll","background-type":"","background-media":"","overlay-type":"","overlay-color":"","overlay-gradient":""},"tablet":{"background-color":"var(--ast-global-color-5)","background-image":"","background-repeat":"repeat","background-position":"center center","background-size":"auto","background-attachment":"scroll","background-type":"","background-media":"","overlay-type":"","overlay-color":"","overlay-gradient":""},"mobile":{"background-color":"var(--ast-global-color-5)","background-image":"","background-repeat":"repeat","background-position":"center center","background-size":"auto","background-attachment":"scroll","background-type":"","background-media":"","overlay-type":"","overlay-color":"","overlay-gradient":""}}},"product_cat":[93],"product_tag":[],"class_list":{"0":"post-4549","1":"product","2":"type-product","3":"status-publish","4":"has-post-thumbnail","6":"product_cat-treninkove-pomucky","7":"desktop-align-left","8":"tablet-align-left","9":"mobile-align-left","11":"first","12":"instock","13":"taxable","14":"shipping-taxable","15":"purchasable","16":"product-type-simple"},"_links":{"self":[{"href":"https:\/\/eshop.twa.cz\/eshop\/wp-json\/wp\/v2\/product\/4549","targetHints":{"allow":["GET"]}}],"collection":[{"href":"https:\/\/eshop.twa.cz\/eshop\/wp-json\/wp\/v2\/product"}],"about":[{"href":"https:\/\/eshop.twa.cz\/eshop\/wp-json\/wp\/v2\/types\/product"}],"version-history":[{"count":8,"href":"https:\/\/eshop.twa.cz\/eshop\/wp-json\/wp\/v2\/product\/4549\/revisions"}],"predecessor-version":[{"id":4789,"href":"https:\/\/eshop.twa.cz\/eshop\/wp-json\/wp\/v2\/product\/4549\/revisions\/4789"}],"wp:featuredmedia":[{"embeddable":true,"href":"https:\/\/eshop.twa.cz\/eshop\/wp-json\/wp\/v2\/media\/4550"}],"wp:attachment":[{"href":"https:\/\/eshop.twa.cz\/eshop\/wp-json\/wp\/v2\/media?parent=4549"}],"wp:term":[{"taxonomy":"product_cat","embeddable":true,"href":"https:\/\/eshop.twa.cz\/eshop\/wp-json\/wp\/v2\/product_cat?post=4549"},{"taxonomy":"product_tag","embeddable":true,"href":"https:\/\/eshop.twa.cz\/eshop\/wp-json\/wp\/v2\/product_tag?post=4549"}],"curies":[{"name":"wp","href":"https:\/\/api.w.org\/{rel}","templated":true}]}}