{"id":4558,"date":"2024-01-04T13:28:53","date_gmt":"2024-01-04T12:28:53","guid":{"rendered":"https:\/\/eshop.twa.cz\/eshop\/?post_type=product&#038;p=4558"},"modified":"2024-02-26T22:59:18","modified_gmt":"2024-02-26T21:59:18","slug":"kominky","status":"publish","type":"product","link":"https:\/\/eshop.twa.cz\/eshop\/produkt\/kominky\/","title":{"rendered":"Kom\u00ednky"},"content":{"rendered":"<p>Sadu 6 kom\u00ednk\u016f je mo\u017en\u00e9 zakoupit i s noseworkov\u00fdmi krabi\u010dkami pro um\u00edst\u011bn\u00ed pachu. Kom\u00ednky dod\u00e1v\u00e1me ve dvoj\u00edm proveden\u00ed, a to standardn\u00ed kom\u00ednky rovn\u00e9, nebo kom\u00ednky zahnut\u00e9 s otvorem pro p\u0159\u00edmou odm\u011bnu (vhodn\u00e9 pro za\u010d\u00e1te\u010dn\u00edky nebo pro \u0161t\u011b\u0148ata).<\/p>\n","protected":false},"excerpt":{"rendered":"<p>Sadu 6 kom\u00ednk\u016f je mo\u017en\u00e9 zakoupit i s noseworkov\u00fdmi krabi\u010dkami pro um\u00edst\u011bn\u00ed pachu. Kom\u00ednky dod\u00e1v\u00e1me ve dvoj\u00edm proveden\u00ed, a to standardn\u00ed kom\u00ednky rovn\u00e9, nebo kom\u00ednky zahnut\u00e9 s otvorem pro p\u0159\u00edmou odm\u011bnu (vhodn\u00e9 pro za\u010d\u00e1te\u010dn\u00edky nebo pro \u0161t\u011b\u0148ata).<\/p>\n","protected":false},"featured_media":4559,"template":"","meta":{"site-sidebar-layout":"default","site-content-layout":"","ast-site-content-layout":"default","site-content-style":"default","site-sidebar-style":"default","ast-global-header-display":"","ast-banner-title-visibility":"","ast-main-header-display":"","ast-hfb-above-header-display":"","ast-hfb-below-header-display":"","ast-hfb-mobile-header-display":"","site-post-title":"","ast-breadcrumbs-content":"","ast-featured-img":"","footer-sml-layout":"","theme-transparent-header-meta":"default","adv-header-id-meta":"","stick-header-meta":"","header-above-stick-meta":"","header-main-stick-meta":"","header-below-stick-meta":"","astra-migrate-meta-layouts":"set","ast-page-background-enabled":"default","ast-page-background-meta":{"desktop":{"background-color":"","background-image":"","background-repeat":"repeat","background-position":"center center","background-size":"auto","background-attachment":"scroll","background-type":"","background-media":"","overlay-type":"","overlay-color":"","overlay-gradient":""},"tablet":{"background-color":"","background-image":"","background-repeat":"repeat","background-position":"center center","background-size":"auto","background-attachment":"scroll","background-type":"","background-media":"","overlay-type":"","overlay-color":"","overlay-gradient":""},"mobile":{"background-color":"","background-image":"","background-repeat":"repeat","background-position":"center center","background-size":"auto","background-attachment":"scroll","background-type":"","background-media":"","overlay-type":"","overlay-color":"","overlay-gradient":""}},"ast-content-background-meta":{"desktop":{"background-color":"var(--ast-global-color-5)","background-image":"","background-repeat":"repeat","background-position":"center center","background-size":"auto","background-attachment":"scroll","background-type":"","background-media":"","overlay-type":"","overlay-color":"","overlay-gradient":""},"tablet":{"background-color":"var(--ast-global-color-5)","background-image":"","background-repeat":"repeat","background-position":"center center","background-size":"auto","background-attachment":"scroll","background-type":"","background-media":"","overlay-type":"","overlay-color":"","overlay-gradient":""},"mobile":{"background-color":"var(--ast-global-color-5)","background-image":"","background-repeat":"repeat","background-position":"center center","background-size":"auto","background-attachment":"scroll","background-type":"","background-media":"","overlay-type":"","overlay-color":"","overlay-gradient":""}}},"product_cat":[94],"product_tag":[],"class_list":{"0":"post-4558","1":"product","2":"type-product","3":"status-publish","4":"has-post-thumbnail","6":"product_cat-nosework-a-pachove-prace","7":"desktop-align-left","8":"tablet-align-left","9":"mobile-align-left","11":"first","12":"instock","13":"taxable","14":"shipping-taxable","15":"purchasable","16":"product-type-variable","17":"rtwpvg-product"},"_links":{"self":[{"href":"https:\/\/eshop.twa.cz\/eshop\/wp-json\/wp\/v2\/product\/4558","targetHints":{"allow":["GET"]}}],"collection":[{"href":"https:\/\/eshop.twa.cz\/eshop\/wp-json\/wp\/v2\/product"}],"about":[{"href":"https:\/\/eshop.twa.cz\/eshop\/wp-json\/wp\/v2\/types\/product"}],"version-history":[{"count":5,"href":"https:\/\/eshop.twa.cz\/eshop\/wp-json\/wp\/v2\/product\/4558\/revisions"}],"predecessor-version":[{"id":4808,"href":"https:\/\/eshop.twa.cz\/eshop\/wp-json\/wp\/v2\/product\/4558\/revisions\/4808"}],"wp:featuredmedia":[{"embeddable":true,"href":"https:\/\/eshop.twa.cz\/eshop\/wp-json\/wp\/v2\/media\/4559"}],"wp:attachment":[{"href":"https:\/\/eshop.twa.cz\/eshop\/wp-json\/wp\/v2\/media?parent=4558"}],"wp:term":[{"taxonomy":"product_cat","embeddable":true,"href":"https:\/\/eshop.twa.cz\/eshop\/wp-json\/wp\/v2\/product_cat?post=4558"},{"taxonomy":"product_tag","embeddable":true,"href":"https:\/\/eshop.twa.cz\/eshop\/wp-json\/wp\/v2\/product_tag?post=4558"}],"curies":[{"name":"wp","href":"https:\/\/api.w.org\/{rel}","templated":true}]}}