{"id":4856,"date":"2024-02-26T22:39:03","date_gmt":"2024-02-26T21:39:03","guid":{"rendered":"https:\/\/eshop.twa.cz\/eshop\/?post_type=product&#038;p=4856"},"modified":"2024-02-27T10:54:00","modified_gmt":"2024-02-27T09:54:00","slug":"voditka","status":"publish","type":"product","link":"https:\/\/eshop.twa.cz\/eshop\/produkt\/voditka\/","title":{"rendered":"Vod\u00edtka"},"content":{"rendered":"<p><strong>Do pozn\u00e1mky objedn\u00e1vky pros\u00edm uve\u010fte zda m\u00e1te z\u00e1jem o vod\u00edtko s poutkem \u010di bez poutka.<\/strong><\/p>\n<p>V\u0161echny na\u0161e vod\u00edtka vyr\u00e1b\u00edme ve 4 barevn\u00fdch proveden\u00edch a ve t\u0159ech standardn\u00edch<br \/>\nd\u00e9lk\u00e1ch, a to 1m. 2m a 3m, ale m\u016f\u017eeme pro v\u00e1s vyrobit i d\u00e9lku na objedn\u00e1vku dle<br \/>\nva\u0161ich p\u0159edstav. Materi\u00e1l pou\u017eit\u00fd na vod\u00edtka je polypropylenov\u00fd popruh s vetkanou<br \/>\ngumou. Popruh je nepru\u017en\u00fd, nekrout\u00ed se a d\u00edky zapleten\u00e9 gum\u011b se skv\u011ble dr\u017e\u00ed,<br \/>\nneklou\u017ee a je vod\u011blodoln\u00fd. Vod\u00edtko je odoln\u00e9 p\u0159i z\u00e1t\u011b\u017ei a\u017e 300 kg.<br \/>\nVod\u00edtka jsou bu\u010f s poutkem, nebo bez poutka.<\/p>\n<p>Karabiny na vod\u00edtk\u00e1ch o d\u00e9lce 81\u00a0mm a pr\u016fm\u011bru oka\u00a025\u00a0mm jsou speci\u00e1ln\u011b navr\u017een\u00e1<br \/>\npro velk\u00e1 plemena ps\u016f, zaru\u010duj\u00ed mimo\u0159\u00e1dnou odolnost a bezpe\u010dnost.<br \/>\nPovrchov\u00e1 \u00faprava:\u00a0Matn\u00e1 \u010der\u0148, Materi\u00e1l:\u00a0Zinkoslitina.<br \/>\nZat\u00ed\u017een\u00ed p\u0159i p\u0159etr\u017een\u00ed:\u00a0230 kg<\/p>\n<p>Povrchov\u00e1 \u00faprava:\u00a0Staromosaz, Materi\u00e1l:\u00a0Zinkoslitina<br \/>\nZat\u00ed\u017een\u00ed p\u0159i p\u0159etr\u017een\u00ed:\u00a0260 kg<\/p>\n<p>Karabiny na vod\u00edtk\u00e1ch jsou ji\u0161t\u011bny dvoud\u00edln\u00fdmi zav\u0159en\u00fdmi sedl\u00e1\u0159sk\u00fdmi n\u00fdty s velmi<br \/>\nu\u017eite\u010dn\u00fdm z\u00e1kusem (prohlube\u0148 na konci d\u0159\u00edku). Zvy\u0161uj\u00ed pevnost spoje. Uzav\u0159en\u00e9 n\u00fdty<br \/>\nse pou\u017e\u00edvaj\u00ed tam, kde jsou pohledov\u00e9 ob\u011b strany n\u00fdtu.<\/p>\n<p>Povrchov\u00e1 \u00faprava:\u00a0Matn\u00e1 \u010der\u0148,<br \/>\nPovrchov\u00e1 \u00faprava:\u00a0Staromosaz<br \/>\nMateri\u00e1l:\u00a0Ocel<\/p>\n","protected":false},"excerpt":{"rendered":"<p>Do pozn\u00e1mky objedn\u00e1vky pros\u00edm uve\u010fte zda m\u00e1te z\u00e1jem o vod\u00edtko s poutkem \u010di bez poutka. V\u0161echny na\u0161e vod\u00edtka vyr\u00e1b\u00edme ve 4 barevn\u00fdch proveden\u00edch a ve t\u0159ech standardn\u00edch d\u00e9lk\u00e1ch, a to 1m. 2m a 3m, ale m\u016f\u017eeme pro v\u00e1s vyrobit i d\u00e9lku na objedn\u00e1vku dle va\u0161ich p\u0159edstav. Materi\u00e1l pou\u017eit\u00fd na vod\u00edtka je polypropylenov\u00fd popruh s vetkanou &hellip;<\/p>\n<p class=\"read-more\"> <a class=\"\" href=\"https:\/\/eshop.twa.cz\/eshop\/produkt\/voditka\/\"> <span class=\"screen-reader-text\">Vod\u00edtka<\/span> Pokra\u010dovat ve \u010dten\u00ed &raquo;<\/a><\/p>\n","protected":false},"featured_media":4874,"template":"","meta":{"site-sidebar-layout":"default","site-content-layout":"","ast-site-content-layout":"default","site-content-style":"default","site-sidebar-style":"default","ast-global-header-display":"","ast-banner-title-visibility":"","ast-main-header-display":"","ast-hfb-above-header-display":"","ast-hfb-below-header-display":"","ast-hfb-mobile-header-display":"","site-post-title":"","ast-breadcrumbs-content":"","ast-featured-img":"","footer-sml-layout":"","theme-transparent-header-meta":"default","adv-header-id-meta":"","stick-header-meta":"","header-above-stick-meta":"","header-main-stick-meta":"","header-below-stick-meta":"","astra-migrate-meta-layouts":"set","ast-page-background-enabled":"default","ast-page-background-meta":{"desktop":{"background-color":"","background-image":"","background-repeat":"repeat","background-position":"center center","background-size":"auto","background-attachment":"scroll","background-type":"","background-media":"","overlay-type":"","overlay-color":"","overlay-gradient":""},"tablet":{"background-color":"","background-image":"","background-repeat":"repeat","background-position":"center center","background-size":"auto","background-attachment":"scroll","background-type":"","background-media":"","overlay-type":"","overlay-color":"","overlay-gradient":""},"mobile":{"background-color":"","background-image":"","background-repeat":"repeat","background-position":"center center","background-size":"auto","background-attachment":"scroll","background-type":"","background-media":"","overlay-type":"","overlay-color":"","overlay-gradient":""}},"ast-content-background-meta":{"desktop":{"background-color":"var(--ast-global-color-5)","background-image":"","background-repeat":"repeat","background-position":"center center","background-size":"auto","background-attachment":"scroll","background-type":"","background-media":"","overlay-type":"","overlay-color":"","overlay-gradient":""},"tablet":{"background-color":"var(--ast-global-color-5)","background-image":"","background-repeat":"repeat","background-position":"center center","background-size":"auto","background-attachment":"scroll","background-type":"","background-media":"","overlay-type":"","overlay-color":"","overlay-gradient":""},"mobile":{"background-color":"var(--ast-global-color-5)","background-image":"","background-repeat":"repeat","background-position":"center center","background-size":"auto","background-attachment":"scroll","background-type":"","background-media":"","overlay-type":"","overlay-color":"","overlay-gradient":""}}},"product_cat":[96],"product_tag":[],"class_list":{"0":"post-4856","1":"product","2":"type-product","3":"status-publish","4":"has-post-thumbnail","6":"product_cat-voditka-a-obojky","7":"desktop-align-left","8":"tablet-align-left","9":"mobile-align-left","11":"first","12":"instock","13":"taxable","14":"shipping-taxable","15":"purchasable","16":"product-type-variable","17":"rtwpvg-product"},"_links":{"self":[{"href":"https:\/\/eshop.twa.cz\/eshop\/wp-json\/wp\/v2\/product\/4856","targetHints":{"allow":["GET"]}}],"collection":[{"href":"https:\/\/eshop.twa.cz\/eshop\/wp-json\/wp\/v2\/product"}],"about":[{"href":"https:\/\/eshop.twa.cz\/eshop\/wp-json\/wp\/v2\/types\/product"}],"version-history":[{"count":3,"href":"https:\/\/eshop.twa.cz\/eshop\/wp-json\/wp\/v2\/product\/4856\/revisions"}],"predecessor-version":[{"id":4859,"href":"https:\/\/eshop.twa.cz\/eshop\/wp-json\/wp\/v2\/product\/4856\/revisions\/4859"}],"wp:featuredmedia":[{"embeddable":true,"href":"https:\/\/eshop.twa.cz\/eshop\/wp-json\/wp\/v2\/media\/4874"}],"wp:attachment":[{"href":"https:\/\/eshop.twa.cz\/eshop\/wp-json\/wp\/v2\/media?parent=4856"}],"wp:term":[{"taxonomy":"product_cat","embeddable":true,"href":"https:\/\/eshop.twa.cz\/eshop\/wp-json\/wp\/v2\/product_cat?post=4856"},{"taxonomy":"product_tag","embeddable":true,"href":"https:\/\/eshop.twa.cz\/eshop\/wp-json\/wp\/v2\/product_tag?post=4856"}],"curies":[{"name":"wp","href":"https:\/\/api.w.org\/{rel}","templated":true}]}}